f z?
9
Let o = 130 - 136. Let g be 4 - (o + 6)*(0 - -1). What is the tens digit of 31 + (g/(-6))/(1/3)?
2
Suppose -4*x - 347 = -5*h, 5*x + 140 = -3*h + 363. What is the units digit of h?
1
Suppose -8*q + 5*q = -4*p - 112316, 4*q - 2*p = 149728. What is the thousands digit of q?
7
Suppose 73*z = -43*z + 16*z + 1170100. What is the tens digit of z?
0
Let q = -35884 + 96590. What is the hundreds digit of q?
7
Let z(l) = 9*l**2 - 7*l - 862. What is the thousands digit of z(-24)?
4
Let h = 16 + -16. Suppose -5*u + 0*u + 25 = h. Suppose 0*p + u*p - 134 = -4*a, -4*p = -5*a - 140. What is the units digit of p?
0
Let f(o) = -17*o**3 + 42*o**2 + 28*o - 50. Let b(u) = -8*u**3 + 21*u**2 + 14*u - 24. Let d(z) = -13*b(z) + 6*f(z). What is the tens digit of d(12)?
7
Let v = 160 - 88. Let t = v - 84. Let x(s) = s**3 + 13*s**2 + 3*s - 27. What is the units digit of x(t)?
1
What is the units digit of 45368/265 + (-1)/5?
1
Let x(k) = 11*k**3 + 35*k**2 - 73*k - 12. What is the units digit of x(8)?
6
Let p = -24918 + 58812. What is the hundreds digit of p?
8
Suppose -2449 = 7*k + 827. Let o = 698 + k. What is the hundreds digit of o?
2
Suppose 12*w + 92299 - 236191 = 537504. What is the ten thousands digit of w?
5
Let g(y) = 4119*y - 69. What is the units digit of g(1)?
0
Suppose 2*c - 6 = -0, -4*c + 14354 = 2*h. What is the tens digit of h?
7
Suppose 0 = -0*f + 2*f - 552. Suppose f = 7*w - 3*w. Let o = w + 13. What is the tens digit of o?
8
Let h(l) = -39*l + 6. Let d be h(5). Let w = 1104 + -1472. Let z = d - w. What is the units digit of z?
9
Suppose -2276 = 44*r - 45*r - 5*y, 3*y = -2*r + 4552. What is the tens digit of r?
7
Let x = 729 + -299. Suppose 5*y = -4*d + 860, -5*d - 2*y + x = -3*d. What is the tens digit of 1/(4 - d/55)?
1
What is the ten thousands digit of 10/(6 + -1)*(-4 + 8) + 77477?
7
Suppose -t - 571 = d, 3*t - 3*d + d = -1718. Let r = 1302 + t. What is the hundreds digit of r?
7
Let w(r) = -71*r - 4. Let x be w(-9). Let s = x - -241. What is the hundreds digit of s?
8
Suppose -2*n - 5*n = -3*n. What is the units digit of (16/12)/((-2)/(-408) + n)?
2
Suppose 40*d - 37*d = 15. Suppose d*f - 353 = 4*f. Suppose o - f = -5*w, w = -w + 4*o + 150. What is the units digit of w?
1
Suppose 0 = -t - x + 12718, -25433 = -2*t - 12*x + 9*x. What is the hundreds digit of t?
7
Let s(y) = -y + 13. Let o be s(7). Suppose 3*g - 536 = -4*z, -o*g - 4*z = -g - 888. What is the tens digit of g?
7
Suppose 5*w + 2*b = 86, 4*b = -5*w + 5*b + 92. Suppose 5*v - 11*v + w = 0. Suppose o = -4*z + 140, z + v*o = 6*z - 175. What is the units digit of z?
5
Let y = -42929 + 48737. What is the thousands digit of y?
5
Let h(q) = 6*q**2 - 29. Let w be -70*(-2 + 15/10). Suppose 0*l - 7*l + w = 0. What is the units digit of h(l)?
1
Let m(h) = h**2 - 15*h - 73. Let c be m(19). Suppose 3*g + k - 937 = 0, -2*g - 6*k = -c*k - 620. What is the units digit of g?
3
Suppose -5*i - 2*d + 37 - 4 = 0, -3*d - 13 = -5*i. Let u = -44 + i. Let o = 25 - u. What is the tens digit of o?
6
Let u = 54 + -1169. Let p = 1595 + u. What is the units digit of p?
0
Let s = 7283 + 2614. What is the units digit of s?
7
Suppose 0 = -13*q + 481 + 7516 + 25439. What is the thousands digit of q?
2
Let i be (-92)/(-10) + 2 + (-5)/25. Let v(r) = -7 + 4*r**2 + i*r**2 + r**2 + 7*r - 2*r. What is the tens digit of v(-4)?
2
Let m(n) = -n**3 + 2*n**2 + 8*n + 2. Let a be m(4). Let d be (108/14)/(a/14). What is the units digit of (8/(-10) - -2)*(d - -1)?
6
Let h(y) = 2*y**3 - 122*y**2 + 7*y - 200. What is the ten thousands digit of h(63)?
1
Suppose 38358 = 21*o - 87226 - 189689. What is the ten thousands digit of o?
1
Let w(o) = -o**3 - 39*o**2 + 1085*o - 197. What is the tens digit of w(-58)?
8
Let z(a) = 3*a**3 + a**3 + 4*a + 1 - 6 - a**2 - 4. What is the tens digit of z(4)?
4
Let k(f) = 164*f**2 + 25*f + 569. What is the hundreds digit of k(-15)?
0
What is the units digit of (18/12)/(17/151334)?
3
Suppose 0 = -m - 0*m - z + 16858, -84291 = -5*m - 4*z. Suppose 0 = 48*x - 25*x - m. What is the units digit of x?
3
Let z = 12924 - 8884. Suppose 0 = -19*w + 15*w + z. Suppose 0 = -11*t + 6*t + w. What is the tens digit of t?
0
Let i(g) = 353*g + 20. Let l(p) = 352*p + 12. Let u(v) = 3*i(v) - 4*l(v). What is the units digit of u(-3)?
9
Let l(q) = -27*q + 1175. Let x(n) = -39*n + 1763. Let u(o) = -7*l(o) + 5*x(o). What is the units digit of u(0)?
0
Let q be -6*((-4880)/15)/8. Let b be (q/8)/(1/2). Suppose 3*u + z = 137, 2*u + z - b - 29 = 0. What is the units digit of u?
7
Let l = 461 + 803. Let a = l + -829. What is the tens digit of a?
3
Let l be 12/(5/(-3) + (-16)/(-96)). What is the hundreds digit of (106/l)/(6/(-96))?
2
Let w = -73 - -159. Let l = w + -91. Let u(m) = -m**3 + m**2 - 26. What is the hundreds digit of u(l)?
1
Let d be (8/(-2) + (-2 - -7))*9. Let a(u) = 46*u - 47. What is the hundreds digit of a(d)?
3
Suppose -3*z = -4*a - 49, -2*z - 3*z + 80 = -5*a. Suppose -z*i + 7277 = 4*i. What is the units digit of i?
3
What is the thousands digit of ((-19)/(-1))/(17785/26655 + 18/(-27))?
3
Let z = -89 - -84. Let g be 707 + (-5)/z + -5. Suppose 5*o - d = -0*o + g, 5*o = -4*d + 688. What is the tens digit of o?
4
Let d = 11 + 115. Let r = d - 105. What is the units digit of r?
1
Suppose -209025 = -249*d + 478*d - 234*d. What is the tens digit of d?
0
What is the ten thousands digit of 2352452/44 + (-10)/(-55)?
5
Let n(y) = 32*y**2 + 3*y + 2. Let d be n(-1). Suppose 0 = -22*h + d*h - 3222. What is the tens digit of h?
5
Let x(m) = -53*m + 115. Let p be x(4). Let u = p + 101. What is the units digit of u?
4
Let y = 102 + -179. Let x = y + 116. Suppose 0 = -2*o - 5*s + 12 + x, 0 = 3*s - 9. What is the units digit of o?
8
Let y = 667 - -77. Suppose 3*x - 768 = 4*n, 4*n = 3*x + 8*n - y. What is the units digit of x?
2
Let h(v) = 17*v**2 + 44*v + 141. What is the hundreds digit of h(31)?
8
Let q be 8/(-10)*4650/(-744). Let p(b) = -10*b**2 + 2*b - 1. Let w be p(1). What is the tens digit of w*(6/(-3) - q)?
6
Let v be (-2)/3 - -6819*2/18. Let g be ((-40)/12)/((-4)/6). Suppose 0*k = 4*k + 20, -3*s = -g*k - v. What is the tens digit of s?
4
Suppose -60 = -9*q - 753. Let p be (-38)/285 + q/(-15). Suppose -p*a + 0*a + 205 = 0. What is the units digit of a?
1
Suppose -5*l - 4*t = -30, 8*l - 4*l = 2*t + 24. Let j be 488 + (4/l - 4/6). Suppose -760 = 6*v - 9*v + 4*p, 2*p = -2*v + j. What is the units digit of v?
8
Suppose 2*a + a - 135 = 0. Let j be -2 - 1 - (2 + -4 + 7). What is the units digit of a*(j + 9 - (-1 - 1))?
5
Let j(s) = -s**3 + 58*s**2 + 187*s - 111. Let t be j(61). Suppose -5*d + 4*f - 267 = 0, -d - 57 = -f + 2*f. Let r = t + d. What is the tens digit of r?
7
Let g be (-1)/(-6)*-20*216/10. What is the units digit of (-14 + -1)*2712/g?
5
Suppose 27*y - 20*y = 28. Suppose -58*u = -56*u + y*g - 674, 1004 = 3*u - g. What is the tens digit of u?
3
Suppose 13*c + 62389 = 248965. What is the ten thousands digit of c?
1
Let s(q) = -q**3 + 12*q**2 - 8*q + 12. Let h be s(11). Suppose 2*d = 5*c - 0*c + h, 80 = -5*c - 5*d. What is the tens digit of 2/c + (-1232)/(-121)?
1
Suppose -4*y + 6 + 17 = 3*m, -2*y = -4. Suppose 5*p - m = 0, -3*f + 5*p + 363 = -169. What is the units digit of f?
9
Suppose -f = -3*b + 2*f + 24, -5*b = 3*f - 64. Suppose 191 = b*v - 106. What is the tens digit of v?
2
What is the thousands digit of 63/(-336)*-40*(-2700)/(-1)?
0
Let x(u) = 9*u + 14. Let a(c) = -26*c - 41. Let y(z) = 4*a(z) + 11*x(z). Let n be y(-3). Suppose 420 - 65 = n*d. What is the units digit of d?
1
Suppose 540 = 3*a + 7*a. Let f = a + -39. Suppose 7*z + f = 260. What is the tens digit of z?
3
Let f(u) = 8*u - 27. Let s be f(22). Suppose s = 3*z + 5*x - 444, 607 = 3*z - 2*x. What is the units digit of z?
1
Suppose 0 = -5*r - 54 - 18146. What is the hundreds digit of 270/7*r/(-156)?
9
What is the hundreds digit of ((-3277)/904)/((-4)/86752)?
6
Suppose -15108 = 7*g - 89028. Suppose -198*b + g = -183*b. What is the hundreds digit of b?
7
What is the hundreds digit of (-3012504)/330*10/(-4)?
8
Let y(r) = r**3 + 21*r**2 - 13*r + 66. Let p be y(-21). Suppose -3465 - p = -4*s. What is the hundreds digit of s?
9
Suppose 11*u - 170 = -456. Let z(m) = -m**2 - 58*m + 74. What is the hundreds digit of z(u)?
9
Let t = 3240 - 1989. What is the units dig